{"id":108,"date":"2019-10-02T11:44:37","date_gmt":"2019-10-02T09:44:37","guid":{"rendered":"http:\/\/massipadvocats.cat\/?page_id=108"},"modified":"2024-01-04T19:47:50","modified_gmt":"2024-01-04T18:47:50","slug":"qui-nous-sommes","status":"publish","type":"page","link":"https:\/\/massipadvocats.cat\/fr\/qui-nous-sommes\/","title":{"rendered":"Qui nous sommes"},"content":{"rendered":"<blockquote><p>Le titulaire du cabinet est Tom\u00e0s Torrent Palou, dipl\u00f4m\u00e9 en Droit par l&rsquo;Universit\u00e9 Autonome de Barcelone en 1989 et dipl\u00f4m\u00e9 en Sciences Politiques et Sociologie par la m\u00eame universit\u00e9 en 1992.<br \/>\nEntr\u00e9 dans la corporation \u00e0 Barcelone en 1992, il a exerc\u00e9 comme avocat dans toutes les branches du droit. Il a donc commenc\u00e9 en 1992 \u00e0 Barcelone o\u00f9 il a ouvert un cabinet avec d&rsquo;autres coll\u00e8gues,<br \/>\nexer\u00e7ant dans toutes les aires du droit, tant devant les administrations publiques comme le tribunal.<br \/>\nA partir de 2005 il ouvre son propre cabinet \u00e0 Puigcerd\u00e0.<\/p>\n<div class=\"hrule clearfix\"><\/div><\/blockquote>\n","protected":false},"excerpt":{"rendered":"<p>Le titulaire du cabinet est Tom\u00e0s Torrent Palou, dipl\u00f4m\u00e9 en Droit par l&rsquo;Universit\u00e9 Autonome de Barcelone en 1989 et dipl\u00f4m\u00e9 en Sciences Politiques et Sociologie par la m\u00eame universit\u00e9 en 1992. Entr\u00e9 dans la corporation \u00e0 Barcelone en 1992, il &hellip; <a href=\"https:\/\/massipadvocats.cat\/fr\/qui-nous-sommes\/\">Lire la suite<\/a><\/p>\n","protected":false},"author":1,"featured_media":0,"parent":0,"menu_order":0,"comment_status":"closed","ping_status":"closed","template":"","meta":{"footnotes":""},"class_list":["post-108","page","type-page","status-publish","hentry"],"_links":{"self":[{"href":"https:\/\/massipadvocats.cat\/fr\/wp-json\/wp\/v2\/pages\/108","targetHints":{"allow":["GET"]}}],"collection":[{"href":"https:\/\/massipadvocats.cat\/fr\/wp-json\/wp\/v2\/pages"}],"about":[{"href":"https:\/\/massipadvocats.cat\/fr\/wp-json\/wp\/v2\/types\/page"}],"author":[{"embeddable":true,"href":"https:\/\/massipadvocats.cat\/fr\/wp-json\/wp\/v2\/users\/1"}],"replies":[{"embeddable":true,"href":"https:\/\/massipadvocats.cat\/fr\/wp-json\/wp\/v2\/comments?post=108"}],"version-history":[{"count":3,"href":"https:\/\/massipadvocats.cat\/fr\/wp-json\/wp\/v2\/pages\/108\/revisions"}],"predecessor-version":[{"id":240,"href":"https:\/\/massipadvocats.cat\/fr\/wp-json\/wp\/v2\/pages\/108\/revisions\/240"}],"wp:attachment":[{"href":"https:\/\/massipadvocats.cat\/fr\/wp-json\/wp\/v2\/media?parent=108"}],"curies":[{"name":"wp","href":"https:\/\/api.w.org\/{rel}","templated":true}]}}

<blockquote><p>Le titulaire du cabinet est Tomàs Torrent Palou, diplômé en Droit par l&rsquo;Université Autonome de Barcelone en 1989 et diplômé en Sciences Politiques et Sociologie par la même université en 1992.<br />
Entré dans la corporation à Barcelone en 1992, il a exercé comme avocat dans toutes les branches du droit. Il a donc commencé en 1992 à Barcelone où il a ouvert un cabinet avec d&rsquo;autres collègues,<br />
exerçant dans toutes les aires du droit, tant devant les administrations publiques comme le tribunal.<br />
A partir de 2005 il ouvre son propre cabinet à Puigcerdà.</p>
<div class="hrule clearfix"></div></blockquote>

<p>Le titulaire du cabinet est Tomàs Torrent Palou, diplômé en Droit par l&rsquo;Université Autonome de Barcelone en 1989 et diplômé en Sciences Politiques et Sociologie par la même université en 1992. Entré dans la corporation à Barcelone en 1992, il &hellip; <a href="https://massipadvocats.cat/fr/qui-nous-sommes/">Lire la suite</a></p>
